6?
True
Is 869472773 a multiple of 1580?
False
Does 17 divide 1471365996?
False
Does 43 divide 183807929?
True
Is 32746560 a multiple of 4?
True
Is 3 a factor of 22683582?
True
Is 11 a factor of 639319?
False
Is 95457444 a multiple of 38?
True
Is 12 a factor of 116202216?
True
Is 77878414 a multiple of 23?
True
Is 25075448 a multiple of 4?
True
Is 7 a factor of 247467654?
True
Is 487329423 a multiple of 21?
True
Does 42 divide 41737584?
True
Is 9 a factor of 1117832470?
False
Does 187 divide 3798271?
False
Is 402841200 a multiple of 4300?
True
Does 468 divide 13754520?
True
Is 2362 a factor of 25047199?
False
Is 438 a factor of 274501010?
False
Is 459152148 a multiple of 26?
True
Does 1550 divide 177681823?
False
Is 64571691 a multiple of 93?
False
Is 556406144 a multiple of 9008?
True
Is 85534960 a multiple of 1064?
True
Does 5 divide 5763878?
False
Does 22 divide 79078208?
True
Does 866 divide 132433050?
True
Is 308446942 a multiple of 271?
False
Is 15 a factor of 36293285?
False
Does 138 divide 4250357220?
True
Does 14 divide 9380308?
True
Does 5647 divide 10486479?
True
Does 27 divide 41708250?
True
Is 18013198 a multiple of 14?
True
Is 1145390870 a multiple of 2158?
True
Is 37 a factor of 43476332?
True
Is 293 a factor of 12364216?
False
Does 40 divide 1908753280?
True
Does 6 divide 203470344?
True
Is 76 a factor of 1735916?
True
Is 434 a factor of 13513892?
True
Does 5138 divide 211663159?
False
Is 156982438 a multiple of 36?
False
Does 1439 divide 1268344025?
False
Is 97 a factor of 1965198890?
False
Is 4534500 a multiple of 35?
False
Is 12130436 a multiple of 8?
False
Does 4221 divide 1263754823?
False
Does 30 divide 97770150?
True
Does 421 divide 1020387383?
True
Is 55687355 a multiple of 134?
False
Is 124775046 a multiple of 111?
False
Is 15937050 a multiple of 3?
True
Is 8038 a factor of 991173341?
False
Is 168 a factor of 32227798?
False
Is 427 a factor of 17402385?
True
Is 591 a factor of 40685031?
True
Does 113 divide 47713306?
False
Does 719 divide 2510346079?
True
Does 7 divide 30048774?
True
Does 3 divide 84544560?
True
Is 957 a factor of 877004681?
False
Is 98 a factor of 15566428?
False
Does 474 divide 20718066?
True
Is 8035758 a multiple of 521?
False
Is 828504245 a multiple of 7?
False
Is 87 a factor of 9470472?
True
Is 7 a factor of 3678376807?
True
Is 864 a factor of 5967381888?
True
Is 37 a factor of 2227138669?
True
Is 22 a factor of 65781342?
True
Is 367 a factor of 2257821801?
True
Is 12 a factor of 1838199429?
False
Does 97 divide 172553280?
False
Is 5947 a factor of 5512256897?
False
Is 24318516 a multiple of 30?
False
Is 666 a factor of 3964032?
True
Is 117518820 a multiple of 6?
True
Is 79367940 a multiple of 180?
True
Is 14491484 a multiple of 28?
True
Is 36 a factor of 302403256?
False
Does 17 divide 99583008?
True
Is 3994 a factor of 224806284?
True
Does 248 divide 138094832?
True
Is 11547972 a multiple of 3?
True
Does 39 divide 20844837?
True
Is 11 a factor of 78913760?
False
Is 118634600 a multiple of 5873?
True
Does 140 divide 1592539060?
True
Is 432 a factor of 2701559088?
True
Is 10451468 a multiple of 1099?
False
Does 526 divide 275534054?
True
Is 46535787 a multiple of 2425?
False
Does 100 divide 3045200?
True
Is 84 a factor of 69079809?
False
Is 463845985 a multiple of 2367?
False
Is 169174724 a multiple of 161?
False
Is 244 a factor of 331926683?
False
Is 168 a factor of 27793530?
False
Is 199 a factor of 10799137?
False
Does 143 divide 155096700?
False
Does 482 divide 5651076?
False
Does 37 divide 22146183?
False
Is 9996667 a multiple of 705?
False
Is 245340720 a multiple of 41?
True
Is 440 a factor of 254601600?
True
Is 1152 a factor of 224612352?
True
Does 12837 divide 2491061989?
False
Does 495 divide 73176278?
False
Is 273 a factor of 1202416215?
True
Is 399568166 a multiple of 2126?
False
Is 3960600 a multiple of 84?
True
Is 117 a factor of 10954710?
True
Does 15 divide 412157580?
True
Is 169 a factor of 15379006?
False
Does 707 divide 232829240?
True
Is 50188886 a multiple of 231?
False
Is 106728661 a multiple of 300?
False
Is 9 a factor of 150489284?
False
Does 198 divide 4017471?
False
Does 2835 divide 45626654?
False
Is 223202637 a multiple of 301?
True
Is 195083802 a multiple of 8?
False
Is 413 a factor of 10341520?
True
Is 12 a factor of 496727976?
True
Is 61 a factor of 221782580?
True
Does 8 divide 139719648?
True
Is 139471966 a multiple of 3603?
False
Is 819 a factor of 2356466112?
True
Does 3 divide 311356?
False
Is 117563431 a multiple of 211?
False
Is 3967489913 a multiple of 19?
False
Is 846 a factor of 920041074?
True
Does 6005 divide 1368803720?
True
Does 309 divide 2294969?
False
Is 30 a factor of 198651081?
False
Is 78064127 a multiple of 214?
False
Is 714 a factor of 70226184?
True
Is 1068 a factor of 53758185?
False
Does 48 divide 1558963536?
True
Does 261 divide 3366550897?
False
Does 5 divide 185004760?
True
Is 5090 a factor of 1834680320?
True
Is 188415028 a multiple of 54?
False
Is 228 a factor of 1806732153?
False
Is 713662796 a multiple of 301?
False
Does 627 divide 122442186?
False
Does 87 divide 2407328106?
True
Is 2 a factor of 8295853?
False
Does 2168 divide 133366688?
True
Does 232 divide 179419291?
False
Is 763622583 a multiple of 2209?
True
Is 21404412 a multiple of 171?
True
Is 19 a factor of 442793841?
True
Does 31 divide 265780011?
False
Is 461031460 a multiple of 8?
False
Does 1116 divide 199612224?
True
Is 151 a factor of 13245116?
True
Is 11 a factor of 713424503?
True
Is 552519370 a multiple of 174?
False
Is 16766023 a multiple of 1061?
False
Is 12 a factor of 175063737?
False
Is 37460467 a multiple of 180?
False
Does 7 divide 147767235?
True
Is 21 a factor of 108800244?
True
Is 157 a factor of 298304867?
True
Is 173 a factor of 2699785235?
True
Is 169173823 a multiple of 31?
False
Does 36 divide 1453701439?
False
Is 437 a factor of 64297963?
False
Is 6 a factor of 6318396?
True
Is 275129496 a multiple of 782?
True
Does 124 divide 767296376?
True
Is 5 a factor of 24430404?
False
Is 290 a factor of 29543605?
False
Does 740 divide 314559550?
False
Is 13 a factor of 53114347?
True
Is 6817368 a multiple of 8?
True
Is 373692880 a multiple of 22?
True
Does 1389 divide 869433400?
False
Is 91587405 a multiple of 6153?
True
Is 28989555 a multiple of 258?
False
Is 860 a factor of 449638100?
True
Does 1144 divide 127157138?
False
Does 3 divide 33306453?
True
Is 9583646 a multiple of 17?
False
Does 287 divide 1192641415?
True
Does 819 divide 3977402223?
False
Is 1291987377 a multiple of 456?
False
Does 1725 divide 599787675?
True
Is 14 a factor of 5260388?
True
Is 127 a factor of 28958413?
True
Does 1023 divide 27194409?
True
Does 15128 divide 1536853520?
True
Is 149346096 a multiple of 1488?
True
Does 223 divide 68964311?
True
Is 1246504400 a multiple of 16?
True
Is 162 a factor of 333652136?
False
Is 10 a factor of 9324158?
False
Is 49089180 a multiple of 708?
True
Is 381068 a multiple of 5?
False
Does 4075 divide 43952950?
True
Is 118813546 a multiple of 31?
False
Is 279499472 a multiple of 29?
False
Is 93627702 a multiple of 7?
True
Is 14 a factor of 105641046?
True
Is 2008298347 a multiple of 121?
True
Is 226389056 a multiple of 8?
True
Is 418 a factor of 7613725?
False
Does 459 divide 260443944?
True
Is 21 a factor of 199150851?
False
Is 755155476 a multiple of 1164?
True
Is 67873253 a multiple of 39?
False
Does 382 divide 29450212?
False
Does 1765 divide 782917332?
False
Is 25060493 a multiple of 12?
False
Is 18777549 a multiple of 38?
False
Is 6 a factor of 335014756?
False
Is 14 a factor of 41606558?
True
Is 21718776 a multiple of 249?
True
Is 448 a factor of 36610154?
False
Does 5 divide 7466025?
True
Is 59644416 a multiple of 256?
True
Is 78694642 a multiple of 26?
True
Is 4 a factor of 87801905?
False
Is 3147392 a multiple of 134?
True
Is 1565 a factor of 1621084905?
True
Is 93660567 a multiple of 576?
False
Does 17 divide 2601663?
True
Is 1944951 a multiple of 22?
False
Does 8 divide 60437179?
False
Does 4 divide 58207889?
False
Is 523 a factor of 432497421?
False
Is 1443828696 a multiple of 81?
False
Does 207 divide 545628402?
True
Does 22 divide 201969326?
False
Does 366 divide 393435840?
False
Is 5301465 a multiple of 39?
True
Is 1831097965 a multi